{"version":"1.0","type":"rich","width":"560px","height":"140px","title":"Autismus Spektrum - In dieser Episode wird die Verbindung zwischen Autismus und ADHS beleuchtet, soziale Schwierigkeiten sowie Missverst\u00e4ndnisse thematisiert und die Herausforderungen und Wahrnehmungen von Autisten reflektiert.","url":"https:\/\/www.evomentis.de\/2025\/02\/08\/s01e08-autismus-spektrum\/","author_name":"EVOMENTIS - Neurodiversit\u00e4t, ADHS, Autismus und dar\u00fcber hinaus - Dein Podcast zu Neurodiversit\u00e4t, Evolution\u00e4rer Psychologie, Gesellschaft,  Philosophie und mentaler Entwicklung  www.evomentis.de","author_url":"https:\/\/www.evomentis.de","thumbnail_url":"https:\/\/www.evomentis.de\/pod\/EVOMENTIS_S01E08_Autismus_Spektrum_squared.png","html":"<iframe width=\"560px\" height=\"140px\" src=\"https:\/\/www.evomentis.de\/2025\/02\/08\/s01e08-autismus-spektrum\/?standalonePlayer\"><\/iframe>"}

Autismus Spektrum - In dieser Episode wird die Verbindung zwischen Autismus und ADHS beleuchtet, soziale Schwierigkeiten sowie Missverständnisse thematisiert und die Herausforderungen und Wahrnehmungen von Autisten reflektiert.

EVOMENTIS - Neurodiversität, ADHS, Autismus und darüber hinaus - Dein Podcast zu Neurodiversität, Evolutionärer Psychologie, Gesellschaft,  Philosophie und mentaler Entwicklung  www.evomentis.de
